 - -8) + -1 + 86*1?
8
Let l = -1629 - -2475. What is the hundreds digit of l?
8
Let p be 194/6*9*(-2)/(-6). What is the tens digit of (p/2)/((-1)/(-2))?
9
Suppose -2*w + 0*w + 254 = 0. Suppose -7*v - w = 20. Let u = v + 68. What is the tens digit of u?
4
Let u = 0 - -5. Suppose 2*f - 33 = -u*b, 0 = -5*b + f + 18 + 3. Suppose 2 = 2*m + n, m - 21 - 2 = b*n. What is the units digit of m?
3
Suppose -5*f = h - 2254, 0*f - 5*h - 880 = -2*f. What is the hundreds digit of f?
4
Let b = -37 - -42. Suppose 4*n + 0*n - 5*k = 277, -b*k = 4*n - 227. What is the units digit of n?
3
Let t(j) = -j**2 - 13*j + 7. Let u be t(-15). Let i = 77 - u. What is the hundreds digit of i?
1
Suppose 1267 = -4*i - 3*i. Let h = -117 - i. What is the units digit of h?
4
Let x(d) = d. Let p(j) = 11. Let g(z) = -p(z) + 3*x(z). Suppose -2*w + w - 2 = -4*o, 4*w - 4*o = 28. What is the tens digit of g(w)?
1
Suppose -m - 2*n = -14, -3*m = -0*m + 4*n - 46. Let k(w) = 6*w - 17. What is the tens digit of k(m)?
9
Let h = 213 + -214. Let x = 14 + -39. What is the tens digit of (3 + 0)*h - x?
2
Suppose -3*d = -3*b - 0*d - 81, 4*b + 108 = 2*d. Let i = b + 45. Let a = 36 - i. What is the units digit of a?
8
Let q = 293 - 115. Let b = q + -110. What is the tens digit of b?
6
Let b = -13 + 18. Suppose -4*j + 3*n + 0*n - 52 = 0, -b*j - 3*n - 65 = 0. Let g = j - -20. What is the units digit of g?
7
Let m(p) = -p**2 - 3. Let o be m(4). Let y = o - -19. Suppose y = x, 5*x = -4*w + 95 - 19. What is the tens digit of w?
1
Let q(h) = -8*h + 10. Let i be (4/2)/(8/(-12)). What is the tens digit of q(i)?
3
What is the hundreds digit of 36 + -40 + (273 - (-2)/(-2))?
2
Let a be 1 - 0 - 2*13. Let n be (-846)/(-470) + 381/5. Let u = n + a. What is the units digit of u?
3
Suppose 3*p - 4*i - 2031 = 1744, 0 = -3*i + 6. What is the tens digit of p?
6
Suppose -144*z + 17204 = 5*r - 140*z, -5*r + 2*z + 17228 = 0. What is the tens digit of r?
4
Suppose -5*v - 40 - 214 = 3*r, v + 5*r = -42. Let w = 23 + v. Let i = 33 + w. What is the units digit of i?
4
Let r(n) = -5*n**3 + n**3 - 6*n - 6*n**2 + 7 + 3*n**3. Suppose -87 = 14*s - 3. What is the tens digit of r(s)?
4
Let b(w) = 6*w - 26. Let z be b(5). Suppose z*k = 173 + 27. What is the units digit of k?
0
Suppose a + 23 + 19 = 0. What is the units digit of (-1911)/a + 2/(-4)?
5
Suppose 7*b - 2*b = -h + 1149, 2*h - 3*b - 2350 = 0. What is the hundreds digit of h?
1
Suppose 8 + 12 = 4*d. Suppose -2*q + 370 = d*w, 7*w + 4*q = 3*w + 296. Let m = w - 33. What is the units digit of m?
1
Suppose 4*a - 3*r = 5, r = -a + 5*a + 1. What is the tens digit of 151/2 + ((-4)/8)/a?
7
Let x(d) = 8*d**2 + 3*d - 9. Let f(i) = i**2 - 1. Let z(u) = -6*f(u) + x(u). Let l be z(6). Suppose -s = 2*s - l. What is the tens digit of s?
2
Let y(d) = d**3 + 11*d**2 - 12*d + 5. Let h be y(-13). Let c = -80 - h. Suppose 5*t + r + 2*r = c, 3*t - 35 = 4*r. What is the tens digit of t?
1
What is the hundreds digit of (-1932)/(6/(-1)) + 3?
3
Let x(q) = -q**3 - 6*q**2 - 3*q - 8. Let r be x(-6). Suppose 4*l - 30 = -r. Suppose l*u = h + 139, 0*h = 5*u + 4*h - 144. What is the tens digit of u?
2
Suppose -4*c = -5*h + 25, -h - 3*c + 0*c = 14. Let r(n) = 4*n + 1. Let d be r(h). Suppose 0 = -d*b - 4*l + 139, 2*l + 2*l - 4 = 0. What is the units digit of b?
7
Suppose -a - 17*a = -17928. What is the tens digit of a?
9
Suppose -4 = 5*d + 4*b - 16, 10 = 2*d - b. Suppose j - 2*j + d = 0. Suppose -g - 4*l = -20, j*g - 2*l + 0*l = 26. What is the units digit of g?
8
What is the hundreds digit of 4/(-14) - 167420/(-77)?
1
Let j = 473 - 445. What is the units digit of j?
8
Let c = 4 + -6. Let h = c - -5. Suppose -h*p = -p - 20. What is the tens digit of p?
1
Suppose 4*f + 9 = -3*z, f = -f - 2*z - 6. Suppose -11*j - 2*j + 1911 = f. What is the hundreds digit of j?
1
Suppose -5*u + 4*f = -29, 17 = -u + 4*u - 2*f. Suppose 3*k + 0*z + 5*z = 11, -u*k + 2*z - 23 = 0. Let y = k + 22. What is the tens digit of y?
1
What is the tens digit of (20232/(-16))/(12/(-16))?
8
Let y = 1821 - 1289. What is the tens digit of y?
3
Let n(i) = -10*i - 3. Let d(f) = f**3 - 10*f**2 - 2*f + 12. Let o be d(10). What is the tens digit of n(o)?
7
Let f = -1571 + 3586. What is the thousands digit of f?
2
Let v be ((-21)/9 + (-12)/(-4))*42. Suppose 4*f + k - 95 = 0, v = 5*f - 4*f - 4*k. What is the units digit of f?
4
Suppose 0 = -h + 2*v + 2422 + 1184, -4*h + 14412 = -2*v. What is the hundreds digit of h?
6
Let v = -34 + 126. Suppose 0 = -0*m - 4*m + v. Suppose -18*p + m*p = 50. What is the tens digit of p?
1
Suppose -6*k + 23 = 131. Suppose 74 = 3*w - 4. Let f = w + k. What is the units digit of f?
8
Let y be 9 - 11 - 321/(-3). Suppose -99*i + 100*i = y. What is the tens digit of i?
0
Let v = 46 + -24. Suppose -3*k = -137 - v. What is the tens digit of k?
5
Let b = 902 + -22. What is the hundreds digit of b?
8
What is the tens digit of -1 + 106 + (-75)/(-15)?
1
Let u = 4254 + -2918. What is the units digit of u?
6
Let m = 0 - -3. Suppose -4*f - 3*u + 3 = 0, 3*f - 1 = 2*u - 3. Suppose d - 58 = -3*i, f*i + 78 = m*i - 3*d. What is the units digit of i?
1
Suppose -1254 = -45*b + 9321. What is the units digit of b?
5
Suppose 55*c = 54*c + 114. Let a = -104 + c. What is the tens digit of a?
1
Let g(x) be the first derivative of 57*x**2 + x + 5. Let j be g(1). Suppose -5*y = -5*z - j, -3*y + 0*z = 2*z - 94. What is the tens digit of y?
2
Let d be 24/15*(-10)/2. Let x = d + 10. Let m(q) = 3*q**2 + q. What is the units digit of m(x)?
4
Suppose -3*x = -2*b - 22, 0 = -2*x - 3*b + 19 - 13. Let d(w) = 20*w - 6. What is the hundreds digit of d(x)?
1
Let v = -746 + 2682. What is the thousands digit of v?
1
Let k be (0 - 4) + 11/2*4. What is the hundreds digit of 6/27 + 2228/k?
1
Suppose 0 = -4*p - 20, -3*v - 159 = 2*p - 2006. What is the tens digit of v?
1
Let b(f) = -5*f + 7. Let p be (2/(-4))/(9/(-36)). Let y be -2 - p - (-1)/(-1). What is the tens digit of b(y)?
3
What is the units digit of (749 + -1)*(-19)/((-456)/90)?
5
Suppose 3*a + 3*o = 3, -2*a + 3*o = -0*a - 22. Suppose -241 = -a*y + v, 4*y + v - 163 = 28. What is the tens digit of y?
4
Suppose -k - 2*j = -430 - 307, 0 = 4*k + 4*j - 2928. What is the units digit of k?
7
Suppose -196 = l + 3*l - 5*n, -5*l - 3*n - 282 = 0. Let q = 89 + l. What is the tens digit of q?
3
What is the units digit of (-25)/10*(-2)/(-1) - -1480?
5
Let j = 1711 + -1437. What is the units digit of j?
4
Suppose -n + 0 + 4 = 0. Suppose 2*v = n*l - 674 - 446, 2*l - 560 = 5*v. What is the tens digit of l?
8
Let c(p) = p**3 - 11*p**2 + 12*p - 16. Let b be c(10). Suppose -g + 63 = b*m - 1, 0 = g - 4*m - 48. What is the tens digit of g?
5
Let b be 4/6 - 47/3. Let g be (-3*(-7)/(-14))/((-1)/2). What is the units digit of 2*g/b*-35?
4
Let c(f) = 6*f - 3. Let y(d) be the second derivative of d**3/3 - d**2/2 + d. Let h(w) = -3*c(w) + 8*y(w). What is the units digit of h(-13)?
7
Let x = 2638 + -1191. What is the hundreds digit of x?
4
Let d(k) = k. Let c(z) = -6*z**2 + 6*z + 1. Let a(i) = -c(i) + 6*d(i). Let x be a(1). Suppose x*j - 2*j + 5*p - 90 = 0, -4*p = 12. What is the tens digit of j?
3
Suppose -5*d + 57 = 17. Let b = d - 3. What is the units digit of b?
5
Suppose 5*i - 12130 = -x, -i - x = -6*x - 2426. What is the units digit of i?
6
Let r = 530 - 307. What is the hundreds digit of r?
2
Let n(t) = -t**2 + 4*t. Let d be n(-5). What is the tens digit of 4/18 + (-575)/d?
1
Let i be -64*1*(-1)/1. Suppose 4*f - 8*f + i = 4*j, 4*j + 5*f - 63 = 0. Suppose -15*k - 26 = -j*k. What is the tens digit of k?
1
Let w(a) = 45*a**2 + 2*a + 1. Let m be w(-1). Let x = m + -37. What is the units digit of x?
7
Let r = -342 + 1070. What is the hundreds digit of r?
7
Suppose 0 = 8*h - 18*h + 15750. What is the hundreds digit of h?
5
Suppose 4*m + 3 = 11. Let g be 153/m + (-3)/2. Suppose -n + g = 2*n. What is the units digit of n?
5
Let h = 2 - 54. Let p = 74 + h. What is the tens digit of p?
2
Let s(t) be the third derivative of 119*t**5/60 + t**4/6 + t**3/2 + 5*t**2. What is the tens digit of s(-1)?
1
Suppose -q - 6 = -3*q. Suppose 0*d = d + q*i - 46, d - 2*i = 41. What is the tens digit of d?
4
Suppose 6*a - 3*g - 31 = 2*a, 2*g + 22 = 3*a. Suppose 4*v - a*f - 536 = 0, 2*v - 264 = -0*v + 4*f. What is the tens digit of v?
3
Let w(m) = m**3 + 29